+ 10 - -1)?
5
Evaluate -17 - (-13 - (-20 - -13)).
-11
Evaluate -35 + 64 - (36 - 1).
-6
Calculate 7 - (5 - (7 - 5)) - (-8 + 21).
-9
25 + 23 + -20 + -11
17
Evaluate -43 + -15 + -9 + 25 + 10 + 0.
-32
What is 2 + -1 - (-17 + (33 - 25))?
10
Evaluate -53 + 36 - (3 - 28).
8
Evaluate -148 + 159 + (1 - 14).
-2
-4 - 12 - -21 - -12
17
What is the value of 51 + -51 + (-6 - -11)?
5
(6 - (21 - (0 - -9))) + 22
16
What is -15 + 18 + (-20 - -4)?
-13
Evaluate -15 + -5 + 6 + 3 + 1.
-10
What is the value of 8 + (-6 - (-1 - 0 - -2))?
1
Evaluate -4 - (-4 + 4 + -9 - -12).
-7
Calculate 0 - -1 - ((5 - -12) + -20).
4
Evaluate -2 + -4 - (-17 - (-2 - -1)).
10
Evaluate (3 - 3) + -12 + 8 + 4.
0
What is the value of 3 + -11 + (-7 - -9) + (1 - -5)?
0
What is -3 + (-10 - (12 - 3 - 1))?
-21
11 + (87 + -82 - (0 + 33))
-17
Calculate 3 - 1 - ((-2 - -18) + -20) - -7.
13
What is the value of -7 - (1 + (-4 - 5 - -6))?
-5
Calculate -9 - (13 - (0 + 17)).
-5
Evaluate (0 + -8 - (-250 + 249)) + 26.
19
Evaluate -97 - -80 - -3 - (-4 - 0).
-10
What is 5 - (6 - (-9 + 12))?
2
Evaluate (4 - 18) + 2 + -2 - -5.
-9
Evaluate 15 - (10 - (13 + -10)).
8
What is the value of -10 + -3 + 7 + -8 + 6 - 6?
-14
What is the value of (4 - (0 + 5)) + -8 + 7?
-2
(-2 - 10) + 0 + (1 - -7 - 5)
-9
(-3 - 0) + -7 + -4 + 15 + -14
-13
Evaluate (-3 - 1 - (-6 + 1 + 6)) + 6.
1
Evaluate 1 + 22 + (1 - 3) + -8.
13
Calculate -4 + 21 + -4 + -13.
0
Evaluate -10 - (91 + -85 - (13 + -1)).
-4
Evaluate (18 - 1) + -1 - (5 + 4).
7
Evaluate (20 - 25 - (-10 + -1)) + (2 - 22).
-14
What is -56 - (-10 + (-8 - -10)) - -14?
-34
8 - (-9 + 2 + (-8 - 0 - -8))
15
What is the value of 7 + (-21 - (-8 + -5) - 16)?
-17
What is 25 - 9 - (-7 - -28)?
-5
Calculate -20 + (-10 + -10 - -53).
13
What is the value of 15 - ((3 - 5 - 1) + 80 + -85)?
23
What is (0 - -2) + (-14 + 14 - -2) + 3?
7
Calculate (14 - 21 - -1) + 1 + -2.
-7
Calculate 89 - 93 - (-20 - (1 - 5 - -2)).
14
What is the value of -5 - -4 - (-8 + 1)?
6
What is 3 + (-7 - -2) + 4 - 6 - -20?
16
Evaluate 18 - 31 - (-6 + 14).
-21
-6 + -26 + 20 - (0 - (-4 + 1))
-15
(-8 - 1 - (-8 + (9 - 13))) + 10
13
Calculate -5 + 0 + 7 + -115 + 104.
-9
What is 13 - (0 + -3 + 20)?
-4
Evaluate (7 - 19) + 19 - (-2 + 10).
-1
What is the value of -5 + -4 + 9 - (-5 + 0)?
5
What is (-8 - (-19 - -3)) + (7 - 0)?
15
What is the value of 5 + (-18 - (-7 - 0))?
-6
1 - 3 - ((-1 - 1) + 2 - 8)
6
What is 1 - (-4 - 1) - (19 - (40 + -18))?
9
((-2 - -6) + 3 - 6) + -6
-5
Evaluate -2 - (-6 + (8 - 4 - -4) + -18).
14
16 + (31 - 42) + 2
7
-1 + (-12 - (-3 + 13 + -18))
-5
What is the value of -3 + (4 - (-2 + 4)) + -1236 + 1220?
-17
What is 6 + -2 + -5 + (-5 - -3) + 8?
5
Calculate 0 + 1 - (-8 + (-9 - -17)) - -10.
11
(51 - -1) + 1560 + -1592
20
Calculate -16 + (1 - -1) - -7.
-7
-10 - (-6 + -4 + 4)
-4
Evaluate (8 + -20 - -16) + -1 + 8.
11
What is the value of 5 + -15 + (-9 - -7)?
-12
Calculate 8 - 3 - (3 - -13).
-11
(-2 - 3 - (-10 + 5)) + -4
-4
Calculate 0 - -10 - (-3 + 5 + 7 - 3).
4
What is the value of (-16 - -2) + (-384 - -396)?
-2
Evaluate -11 - (9 + -3 + (2 - 0)).
-19
(-1 - -1) + -6 + (30 - 38) + 7
-7
What is the value of 1 + -3 + -2 - (55 + -100 + 46)?
-5
22 + (-1 + -34 - 5)
-18
What is -2 - ((4 + 2 - 7) + 2)?
-3
Calculate (0 - (-2 + -2)) + 17 + -78 + 39.
-18
Calculate -7 + 0 + 0 + 14.
7
Calculate -11 + (-7 - 42) - -23.
-37
Calculate 5 - -14 - 2 - 23 - (-1 + 4).
-9
1 + 7 - ((25 - 3) + (-246 - -255))
-23
Evaluate -55 + -21 + 29 + 18.
-29
Calculate 6 + -3 + -2 + 14 + -4 + 1.
12
Evaluate -20 + (7 - 5) + -4.
-22
6 - (11 + -10 - 6) - 25
-14
Calculate -34 + 25 - (20 + (-8 - (4 - 8))).
-25
What is the value of 6 + (-7 + 8 - 8 - -5)?
4
10 + -24 + -5 + 13
-6
What is the value of 7 - (-3 + 22 + -2)?
-10
Calculate (6 + -11 - -1) + 11 + (2 - 17).
-8
(8 + -15 - -7) + -3 + (-18 - -2)
-19
What is the value of -8 - -3 - -3 - (-547 + 529)?
16
What is the value of -1 - (6 + 9 + -9)?
-7
What is 6 - (17 - (4 + -2 - -2))?
-7
Evaluate (14 - -35) + -15 - 58.
-24
What is the value of -10 - (-21 + 32 + 3 - (0 - -8))?
-16
Calculate 8 + -21 + 4 - -8 - (6 - 2).
-5
Evaluate 5 + 1 + -18 + 14.
2
What is the value of -2 - (14 - 29 - 2) - 36?
-21
What is the value of 0 - ((-1 + 0 - -3) + (19 - 25))?
4
(6 - 13) + 0 - (-18 + 5) - 9
-3
What is -1 + -1 + (-18 - (-9 + 3))?
-14
What is (1 - 21) + -9 + (48 - 30)?
-11
Calculate -2 + 14 + (3 + 1 - 13).
3
What is the value of (5 - (-33 + 11)) + (-9 - -6 - -5)?
29
Evaluate -4 + (2 - -20) + (-22 - -15).
11
Calculate (29 + -20 - 26) + 24.
7
Calculate 25 + (-15 - -23) + -8.
25
Evaluate -1 + 1 - (4 + 1 - -2).
-7
Evaluate -352 - -354 - (-4 + -3 + 1).
8
What is the value of -10 + 13 - 10 - (0 + 2 - -7)?
-16
Evaluate 20 - 14 - (2 + -2 + 5).
1
Calculate -25 + (28 - 5 - 6).
-8
What is -149 + 156 + (-1 - 16)?
-10
What is the value of 23 - 3 - 5 - (-2 - -16)?
1
What is -1 - (1 - (-3 - (3 + -1 - 5)))?
-2
-438 + 451 + (2 + -5 - -1) + -7
4
What is 8 - 15 - -18 - 15?
-4
-48 + 50 - (1 + 6)
-5
Calculate (-2 - -1) + -3 + -14 + 26 + -15.
-7
What is the value of (27 - (-27 - -14)) + (-28 - -23)?
35
What is the value of -40 + (-2 - (32 + -64))?
-10
Calculate (-7 - (36 - 25)) + 20.
2
What is the value of 0 - 1 - ((-27 - -14 - -6) + 0)?
6
What is the value of 0 + -1 + 4 + -9 + 25?
19
What is -410 - -400 - (9 - (-1 - 0) - 2)?
-18
What is the value of (-240 - -241) + (0 - 15)?
-14
What is -12 + -38 + (-24 - -69)?
-5
(-7 - -11 - 5) + 17 + -13 + 23
26
Evaluate (-20 - (-2 - (7 - 0))) + (4 - 7).
-14
What is -21 + 9 - 5 - -4 - 1?
-14
Evaluate 0 - 2 - (-56 + 67) - -23.
10
8 + (34 - 42 - (-5 - -1))
4
What is -9 + (-4 + 1 - (-40 + 41))?
-13
-2 - -8 - (9 - 9) - (-15 + 11)
10
What is the value of -5 - (-5 - (-7 + 2)) - -13?
8
What is -42 + 69 - 35 - (-6 - 2)?
0
Calculate 21 + (23 - 15) + -14.
15
0 - ((14 - 15) + -1 + 1)
1
What is the value of (-12 + 2 - -12 - -11) + -11?
2
Evaluate -10 - (-1 + 7 + -11).
-5
Evaluate 207 - 201 - (1 + -1 + 1).
5
What is -15 - (-7 + -6) - (18 - 2)?
-18
Calculate -3 + (-43 - -29) + 4 + -3.
-16
What is -2 + -5 + 7 + -6 - (-1 - -3)?
-8
What is (-1 - 6) + 3 + -2 + 4 - -4?
2
What is -2 + -35 + (-506 - -547)?
4
(48 - (13 - (12 + -4 + -1))) + -6
36
What is -20 + -10 + (30 - 10)?
-10
Evaluate 1 + 10 - (-89 - -96) - (-1 + 2).
3
What is the value of -2 + 2 + -15 + -18 + 15 + 33?
15
What is -9 + 7 + 8 + 4 - (-2 - 5)?
17
13 - (4 + -4 + 1 - (-3 + 1))
10
Evaluate (0 - (1 + 0)) + 9 - (452 - 453).
9
Evaluate 6 - (12 + -16) - 2.
8
What is the value of 1 + 15 + (-57 - (-93 - -40))?
12
What is the value of (-9 - (0 + -1 + (-1 - 3))) + 11?
7
Calculate -30 - (-4 - (31 - 12 - 12)).
-19
Evaluate (29 + 12 - 39) + 1.
3
Evaluate 20 + (-17 - (2 + (-18 - -1))).
18
What is the value of 1 + 12 + -10 + -1?
2
What is the value of 5 + (-5 - 2 - -6) + -7?
-3
Calculate (14 - (9 - -2)) + 14 + -6.
11
Calculate (-32 - (26 + -43)) + 31.
16
Calculate -34 - (-10 - (-15 - -7 - -15)).
-17
What is (8 - 6 - 14) + 28?
16
What is the value of 1 - -4 - (-116 + 116) - (0 - 9)?
14
Calculate (28 - 27) + -4 + (-16 - -5).
-14
Evaluate (42 + -29 - 56) + (16 - 3) + -3.
-33
What is the value of 8 + 0 - (-79 + 85)?
2
2 + -4 + (-2 + -2 - -10 - 16)
-12
Evaluate (-26 - -64) + -15 - 46.
-23
-26 - (-30 + 13 - (1 + -8))
-16
What is -9 - (4 + -3 - ((-2 - -5) + -2))?
-9
What is -1 + 9 + (-7 - -4) + -3?
2
Calculate (-9 - -9 - 18) + 3.
-15
What is -22 - (-34 + 31 - (0 + 1 + 5))?
-13
Calculate -3 + (-1 + -3 + 4 - 11).
-14
Evaluate (-2 - (0 + -12)) + -34 + -41 + 53.
-12
-1 - (17 + (10 - 10) + 14)
-32
Evaluate 21 - ((16 - 46) + 34).
17
12 + (-51 - -50) + 2 + -2
11
What is the value of 9 + (13 - 21) + -17?
-16
14 - (15 + (-21 - (-11 + 0)))
9
What is -8 + -2 + 15 - -8?
13
What is -3 + -1 + (10 - 22) - 0?
-16
What is the value of 6 + (0 - -12) + (-1 - 6 - -4)?
15
What is the value of (-1 - 7) + (-3 - -1 - (56 - 64))?
-2
What is the value of 6 + 2 - (-8 - (0 + (-11 - -6)))?
11
140 - 126 - (21 - 1)
-6
What is the value of 0 + -59 + -198 + 232?
-25
Evaluate 16 - (2 - (-14 + 4)).
4
Calculate -9 + (26 + -9 - 11 - 12).
-15
Evaluate (16 - ((-25 - -7) + 13)) + -1.
20
What is (22 - 13 - 10) + 2 + 1?
2
-25 - (0 + -10) - -17
2
Evaluate -49 - -64 - (43 - 7).
-21
What is 1 - (5 - -3 - (-3 + -1))?
-11
What is the value of -4 - (2 + -36) - 26?
4
What is the value of (8 - 5 - -3 - 7) + 0?
-1
What is 0 - -7 - (-10 - -7 -